0)/(-2*(-1)/490). Let h be ((-189)/35 - -7)/(1/130). Let y = h - 110. What is the greatest common factor of m and y?
49
Let d = 284 + -281. Suppose 9*f - 14*f = d*i - 58, -5*i - 2*f = -84. Suppose 5*u = 2*u + 96. What is the highest common factor of i and u?
16
Suppose 5*k - 1250 = -5*p, 4*k - 466 = 2*p + 528. Suppose 0 = 8*c - 367 - k. Suppose j + 2*j = 33. What is the highest common factor of c and j?
11
Let o be 24/5*(-600)/(80/(-8)). Let s(b) = b**2 + 7*b + 9. Let z be s(-7). Calculate the greatest common factor of z and o.
9
Let z be (45/6)/((125/6)/25). What is the greatest common divisor of z and 105?
3
Let r be 263/5 - -1 - (-60)/150. Let j = -47 + r. Suppose -4*w + 2*w = 10, 2*h - j = w. What is the highest common factor of 1 and h?
1
Let b = 3378 - -6878. What is the greatest common factor of 24 and b?
8
Let d = -2140 + 2193. What is the greatest common divisor of 1 and d?
1
Let r be (4/(-6))/((-34)/153). Suppose -30 = -o + u - r, 5*u = -15. What is the greatest common divisor of 12 and o?
12
Suppose -91388 = -100*c + 23612. What is the highest common divisor of c and 368?
46
Let r = 221 + -213. Let x = 31 - 13. Calculate the greatest common divisor of r and x.
2
Suppose 69 = -5*j - 4*v + 285, 3*j - 168 = 4*v. Calculate the highest common divisor of j and 270.
6
Suppose -3*m + 2482 = -2*u, 5*m - 3*u - 4676 = -539. Calculate the greatest common divisor of 126 and m.
18
Let k(v) = v**3 - 8*v**2 - 21*v + 15. Let j be k(10). Suppose -j*q - 2*q + 91 = 0. Calculate the greatest common divisor of 1 and q.
1
Let i(d) = -12*d - 66. Let r be i(-7). What is the greatest common divisor of r and 1428?
6
Suppose 99 = -12*u + 27. Let k be u - -6 - (-28 + 1). What is the greatest common divisor of 117 and k?
9
Let s(g) = -g**3 - 19*g**2 - 49*g - 12. Let n be s(-16). Suppose -5*v - 3*y = -4*y - 1046, -v - n*y = -205. Calculate the greatest common divisor of 38 and v.
19
Let k = 2563 + -2443. Calculate the greatest common factor of k and 2.
2
Suppose 111*q + 142545 = 162*q. What is the greatest common divisor of q and 195?
65
Let r(a) = 8*a + 9. Let p be r(0). Let c be (-75)/2*(-24)/p - 4. Calculate the greatest common divisor of c and 24.
24
Let r = 200 + -197. Suppose 5*h - 63 - 14 = -3*m, r*h = 5*m - 83. What is the highest common divisor of 95 and m?
19
Let l = 425 - 423. Suppose -q + 35 = -n, 5*n + 55 - 132 = -l*q. Calculate the highest common factor of 36 and q.
36
Let t = -154 + 196. Let l(h) = -3*h + 142. Let n be l(t). What is the greatest common factor of n and 24?
8
Suppose 4*l + 37 - 29 = 0. Let j be (l + 88/14)/((-10)/(-70)). Calculate the highest common factor of j and 240.
30
Let o(b) = -77*b + 4573. Let f be o(-21). Calculate the highest common divisor of 10 and f.
10
Let q be 69/((-2)/(-8) - (-28)/(-16)). Let f = 102 + q. Suppose -6*v + 218 = f. What is the highest common factor of 108 and v?
27
Suppose 4*n = -4*k + 257 + 203, 3*k = 5*n + 393. What is the highest common factor of k and 352?
11
Let v(z) = z**3 + 17*z**2 + 11*z - 24. Let y be ((-3)/6 + (-363)/(-22))*-1. Let m be v(y). Calculate the greatest common factor of m and 168.
56
Let z = 83 + -73. Let r = -24 - -24. Suppose -2*g + g + 90 = r. What is the highest common divisor of g and z?
10
Let x = 367 + -348. Suppose 2*g = 3*t - 36, 60 = 5*t + 3*g - x. Calculate the highest common divisor of 35 and t.
7
Let p = 15 + 29. Let b(d) = -50*d + 955. Let o be b(18). Calculate the greatest common factor of p and o.
11
Suppose -27233*r - 330 = -27244*r. Let j = 418 + -258. What is the highest common divisor of j and r?
10
Suppose 88*l = 90*l + w - 860, -4*w - 850 = -2*l. What is the highest common factor of 26 and l?
13
Let x(d) = -d**3 + 5*d**2 + 11*d - 5. Let m be x(6). Let f = m + 89. Calculate the greatest common factor of 76 and f.
38
Suppose 5 = 5*l - 345. Suppose 7*k - 85 = -15. Calculate the greatest common divisor of l and k.
10
Let s(z) = -7*z**2 + 3*z - 8. Let l be s(-5). Let m be (-3528)/l + (-2)/(-11). Let c = m + 3. Calculate the greatest common factor of 21 and c.
21
Suppose -2*m + 93 = -67. Let q = -159 - -163. What is the highest common factor of q and m?
4
Let n be (-2)/(-10) - (14 - (-18 - (-18469)/55)). What is the highest common factor of n and 2336?
16
Suppose 4*h + 558 = -2*g + 1426, 3*h = 5*g - 2144. What is the greatest common divisor of g and 10535?
215
Let t(b) = -b**3 - 16*b**2 - 55*b - 74. Let j be t(-12). Let n(v) = 3*v - 8. Let c be n(6). Calculate the highest common divisor of j and c.
10
Suppose 150 = j + 4*j. Let f be j/(-12)*(-4)/10 + 11. Suppose -f*a = -9*a - 102. Calculate the greatest common factor of 68 and a.
34
Suppose 0*h = -5*y + 4*h + 16, -2*y + 2*h + 6 = 0. Let c be 1*(y/(-14) - 187/7). Let k be c/15 + 2 - 336/(-20). What is the greatest common factor of 68 and k?
17
Let d be 294/(-686) - -1*(-6586)/(-14). Let v = d + -440. What is the highest common divisor of 42 and v?
6
Let g = -207 + 369. Let h(p) be the first derivative of -p**3/3 - 21*p**2/2 - 62*p - 42. Let t be h(-16). What is the greatest common divisor of g and t?
18
Let w = 30671 + -30195. Suppose -35 - 21 = -2*m. Calculate the greatest common divisor of m and w.
28
Suppose -z = 5*j - 2058, 18*z = 17*z - 2*j + 2058. Calculate the greatest common factor of 3 and z.
3
Let g(o) = 2*o**2 + 27*o + 286. Let h be g(-27). Calculate the greatest common divisor of h and 175.
35
Suppose 0 = -4*m - 3*i + 182033, 5*i = 7640*m - 7637*m - 136503. Calculate the highest common factor of m and 61.
61
Suppose 449*a - 44506 = 445*a - 5*r, a - 11146 = 2*r. Calculate the highest common factor of 76 and a.
38
Let x be 24/(-60) + 5*((-1807)/(-25) + -4). What is the greatest common divisor of x and 88?
11
Let u(g) = 174*g - 1196. Let b be u(12). Calculate the greatest common divisor of 4 and b.
4
Let f be (-11)/(1 + 18/(-16)). Let k(n) be the first derivative of 3*n**2/2 - 4*n - 47. Let p be k(4). Calculate the greatest common divisor of f and p.
8
Let v = -24268 - -25204. Calculate the highest common divisor of v and 180.
36
Suppose 39*h + 2399 = -5316 + 30803. Calculate the greatest common divisor of h and 160.
16
Let q be (44/16 + -2)*(-1 - -5). Let g be q*3/6*2. Suppose 5*y - g*s - 100 = 0, 2 = -3*y - 4*s + 62. Calculate the greatest common divisor of y and 90.
10
Suppose -5*v = -2*n + 6789, -4*v + 3414 = -231*n + 232*n. What is the highest common divisor of 238 and n?
14
Let i = 16520 - 15240. Calculate the greatest common divisor of 190 and i.
10
Let f be 15/4 - 8/(-32). Let h(i) = 2*i - 8. Let v be h(5). Suppose y = -v*y - 9, f*y = 5*a - 122. What is the highest common factor of 11 and a?
11
Suppose -34 = -2*a - 46. Let v = 475 + a. What is the highest common factor of v and 67?
67
Let v be (-6)/16 + (-513)/(-216) + -47. Let z = -37 - v. Calculate the greatest common factor of 16 and z.
8
Let x(i) = 28*i**2 + 220*i - 3453. Let b be x(14). What is the highest common divisor of b and 75?
15
Let u = -42 + 78. Suppose s - 69 = 3*h, 25*s = 20*s - h + 313. Calculate the greatest common divisor of u and s.
9
Suppose -218 = -5*n - 3*b, 2*b = 4*n + b - 154. What is the greatest common divisor of n and 3620?
20
Let q(y) = 68*y**2 + 274*y + 12. Let a be q(-4). What is the greatest common factor of a and 130?
2
Suppose 16*v - 13*v = -15*v + 122850. What is the greatest common divisor of v and 15?
15
Let k = 1 - -16. Let i(f) = -f**2 - 9*f - 21. Let t be i(-4). Let c(a) = 135*a**2 + 6*a + 7. Let w be c(t). Calculate the greatest common factor of k and w.
17
Suppose -3*d = -5*k - 21552, 99*d + 2*k = 98*d + 7206. Calculate the greatest common divisor of d and 66.
66
Let j(s) = s - 7. Let n be j(9). Suppose -5 = -v, -n*v = 4*f + 79 - 929. What is the greatest common divisor of 14 and f?
14
Let v = 34091 - 34076. Calculate the greatest common divisor of 2345 and v.
5
Suppose 4*j = -4*w + 96, 10*j + 16 = 11*j - w. What is the highest common factor of 780 and j?
20
Let x be -1*(-11)/(-4)*-6*(49 - 17). Calculate the greatest common factor of 3888 and x.
48
Suppose 10*y - 4*y = 48. Let j be 164/y + 3/(-6). Let x be (-1 - (-12)/j)*5*-13. What is the highest common divisor of x and 39?
13
Let x = -11501 + 11525. What is the highest common divisor of x and 231?
3
Let f = -1789 - -1969. What is the greatest common div